{"id":45,"date":"2018-10-06T17:49:37","date_gmt":"2018-10-06T17:49:37","guid":{"rendered":"http:\/\/sociedadhomeopatica.org\/?page_id=45"},"modified":"2022-03-02T02:22:34","modified_gmt":"2022-03-02T02:22:34","slug":"quienes-somos","status":"publish","type":"page","link":"https:\/\/sociedadhomeopatica.org\/index.php\/quienes-somos\/","title":{"rendered":"QUI\u00c9NES SOMOS"},"content":{"rendered":"<p>[et_pb_section fb_built=\u00bb1&#8243; _builder_version=\u00bb4.4.8&#8243; custom_padding=\u00bb54px|0px|0|0px|false|false\u00bb global_colors_info=\u00bb{}\u00bb][et_pb_row column_structure=\u00bb1_3,1_3,1_3&#8243; _builder_version=\u00bb3.25&#8243; background_color=\u00bbrgba(127,164,193,0.18)\u00bb global_colors_info=\u00bb{}\u00bb][et_pb_column type=\u00bb1_3&#8243; _builder_version=\u00bb3.25&#8243; custom_padding=\u00bb|||\u00bb global_colors_info=\u00bb{}\u00bb custom_padding__hover=\u00bb|||\u00bb][et_pb_team_member name=\u00bbDr. Humberto AVESANI\u00bb position=\u00bbPRESIDENTE\u00bb image_url=\u00bbhttps:\/\/sociedadhomeopatica.org\/wp-content\/uploads\/2018\/10\/me.jpg\u00bb facebook_url=\u00bbfacebook.com\/humberto.avesani\u00bb _builder_version=\u00bb4.4.8&#8243; header_font=\u00bb||||||||\u00bb body_font=\u00bb|700|||||||\u00bb body_text_color=\u00bb#000000&#8243; text_orientation=\u00bbcenter\u00bb custom_padding=\u00bb|0px||||\u00bb border_radii_image=\u00bbon|69px|69px|69px|69px\u00bb global_colors_info=\u00bb{}\u00bb]<\/p>\n<p style=\"text-align: center;\">M\u00e9dico Cirujano. Diplomado en Salud P\u00fablica. Miembro de la Facultad de Homeopat\u00eda de Inglaterra (MFHom.Examination). Master en Psicolog\u00eda Cl\u00ednica<\/p>\n<p>[\/et_pb_team_member][\/et_pb_column][et_pb_column type=\u00bb1_3&#8243; _builder_version=\u00bb3.25&#8243; custom_padding=\u00bb|||\u00bb global_colors_info=\u00bb{}\u00bb custom_padding__hover=\u00bb|||\u00bb][et_pb_team_member name=\u00bbDr. Juan PELAEZ\u00bb position=\u00bbDIRECTOR DOCENTE\u00bb image_url=\u00bbhttps:\/\/sociedadhomeopatica.org\/wp-content\/uploads\/2018\/10\/photo2.jpg\u00bb _builder_version=\u00bb4.4.8&#8243; header_font=\u00bb||||||||\u00bb header_text_color=\u00bb#000000&#8243; header_font_size=\u00bb15px\u00bb body_font=\u00bb|700|||||||\u00bb body_text_color=\u00bb#000000&#8243; position_font=\u00bb|300|||||||\u00bb position_text_color=\u00bb#000000&#8243; text_orientation=\u00bbcenter\u00bb child_filter_brightness=\u00bb81%\u00bb child_filter_contrast=\u00bb98%\u00bb border_radii_image=\u00bbon|69px|69px|69px|69px\u00bb global_colors_info=\u00bb{}\u00bb]<\/p>\n<p>M\u00e9dico Cirujano.<\/p>\n<p>Especialista en Oftalmolog\u00eda<\/p>\n<p>[\/et_pb_team_member][\/et_pb_column][et_pb_column type=\u00bb1_3&#8243; _builder_version=\u00bb3.25&#8243; custom_padding=\u00bb|||\u00bb global_colors_info=\u00bb{}\u00bb custom_padding__hover=\u00bb|||\u00bb][et_pb_team_member name=\u00bbDr. Eduardo PEREZ PASINI\u00bb position=\u00bbTESORERO\u00bb image_url=\u00bbhttps:\/\/sociedadhomeopatica.org\/wp-content\/uploads\/2022\/03\/Foto-de-Dr-5.-Humberto-Avesani.jpg\u00bb _builder_version=\u00bb4.14.8&#8243; position_font=\u00bb|700|||||||\u00bb position_text_align=\u00bbcenter\u00bb position_text_color=\u00bb#000000&#8243; border_radii_image=\u00bbon|31px|31px|31px|31px\u00bb global_colors_info=\u00bb{}\u00bb]<\/p>\n<p style=\"text-align: center;\"><strong>M\u00e9dico Generalista<\/strong><\/p>\n<p style=\"text-align: center;\"><strong>Especialista en Psiquiatr\u00eda<\/strong><\/p>\n<p style=\"text-align: center;\"><strong>Especialista en Medicina Laboral<\/strong><\/p>\n<p style=\"text-align: center;\"><strong>Psicoterapeuta Guest\u00e1ltico<\/strong><\/p>\n<p>&nbsp;<\/p>\n<p>[\/et_pb_team_member][\/et_pb_column][\/et_pb_row][et_pb_row column_structure=\u00bb1_3,1_3,1_3&#8243; _builder_version=\u00bb4.4.8&#8243; background_color=\u00bbrgba(127,164,193,0.18)\u00bb global_colors_info=\u00bb{}\u00bb][et_pb_column type=\u00bb1_3&#8243; _builder_version=\u00bb3.25&#8243; custom_padding=\u00bb|||\u00bb global_colors_info=\u00bb{}\u00bb custom_padding__hover=\u00bb|||\u00bb][et_pb_team_member name=\u00bbDr. Omar SAUR\u00bb position=\u00bbVOCAL TITULAR\u00bb image_url=\u00bbhttps:\/\/sociedadhomeopatica.org\/wp-content\/uploads\/2020\/06\/SAUR1-3.jpg\u00bb _builder_version=\u00bb3.22.7&#8243; header_font=\u00bb||||||||\u00bb header_text_align=\u00bbcenter\u00bb body_font=\u00bb|700|||||||\u00bb body_text_align=\u00bbcenter\u00bb body_text_color=\u00bb#000000&#8243; border_radii_image=\u00bbon|69px|69px|69px|69px\u00bb global_colors_info=\u00bb{}\u00bb]<\/p>\n<p style=\"text-align: center;\">M\u00e9dico Anestesi\u00f3logo<\/p>\n<p>Medicina General<\/p>\n<p>[\/et_pb_team_member][\/et_pb_column][et_pb_column type=\u00bb1_3&#8243; _builder_version=\u00bb3.25&#8243; custom_padding=\u00bb|||\u00bb global_colors_info=\u00bb{}\u00bb custom_padding__hover=\u00bb|||\u00bb][et_pb_team_member name=\u00bbDra. Adriana PRATO\u00bb position=\u00bbVOCAL SUPLENTE\u00bb image_url=\u00bbhttps:\/\/sociedadhomeopatica.org\/wp-content\/uploads\/2022\/03\/prato.-Humberto-Avesani.jpg\u00bb _builder_version=\u00bb4.14.8&#8243; body_font=\u00bb|700|||||||\u00bb text_orientation=\u00bbcenter\u00bb hover_enabled=\u00bb0&#8243; border_radii_image=\u00bbon|50px|50px|50px|50px\u00bb global_colors_info=\u00bb{}\u00bb sticky_enabled=\u00bb0&#8243;]<\/p>\n<p>M\u00e9dica Cirujano<\/p>\n<p>Medicina Generalista<\/p>\n<p>[\/et_pb_team_member][\/et_pb_column][et_pb_column type=\u00bb1_3&#8243; _builder_version=\u00bb3.25&#8243; custom_padding=\u00bb|||\u00bb global_colors_info=\u00bb{}\u00bb custom_padding__hover=\u00bb|||\u00bb][et_pb_team_member name=\u00bbDra. Carina MARTINEZ COTO\u00bb position=\u00bbSECRETARIA\u00bb image_url=\u00bbhttps:\/\/sociedadhomeopatica.org\/wp-content\/uploads\/2020\/06\/thumbnail_CARINA1.jpg\u00bb icon_color=\u00bb#000000&#8243; _builder_version=\u00bb3.22.7&#8243; body_font=\u00bb|700|||||||\u00bb body_text_color=\u00bb#000000&#8243; text_orientation=\u00bbcenter\u00bb border_radii_image=\u00bbon|69px|69px|69px|69px\u00bb global_colors_info=\u00bb{}\u00bb]<\/p>\n<p>M\u00e9dica<\/p>\n<p>Especialista en Psiquiatr\u00eda<\/p>\n<p>[\/et_pb_team_member][\/et_pb_column][\/et_pb_row][et_pb_row _builder_version=\u00bb3.25&#8243; background_color=\u00bbrgba(63,135,193,0.13)\u00bb custom_padding=\u00bb27px|0px|0|0px|false|false\u00bb global_colors_info=\u00bb{}\u00bb][et_pb_column type=\u00bb4_4&#8243; _builder_version=\u00bb3.25&#8243; custom_padding=\u00bb|||\u00bb global_colors_info=\u00bb{}\u00bb custom_padding__hover=\u00bb|||\u00bb][et_pb_team_member name=\u00bbFarm. Anita Brane\u00bb position=\u00bbJefa Area de Farmacia\u00bb image_url=\u00bbhttps:\/\/sociedadhomeopatica.org\/wp-content\/uploads\/2019\/03\/ana-brane.jpg\u00bb _builder_version=\u00bb3.22.7&#8243; body_font=\u00bb|700|||||||\u00bb body_text_color=\u00bb#000000&#8243; max_width=\u00bb81%\u00bb module_alignment=\u00bbcenter\u00bb custom_margin=\u00bb6px||\u00bb custom_padding=\u00bb0px||\u00bb child_filter_saturate=\u00bb81%\u00bb border_radii_image=\u00bbon|69px|69px|69px|69px\u00bb global_colors_info=\u00bb{}\u00bb]<\/p>\n<p><strong>Miembro Fundador de la \u00abSociedad Argentina de Medicina Homeop\u00e1tica\u00bb<\/strong><\/p>\n<p>Farmac\u00e9utica<\/p>\n<p>Actividad Privada<\/p>\n<p>[\/et_pb_team_member][\/et_pb_column][\/et_pb_row][et_pb_row _builder_version=\u00bb3.25&#8243; width=\u00bb46%\u00bb max_width=\u00bb1131px\u00bb min_height=\u00bb139px\u00bb height=\u00bb152px\u00bb max_height=\u00bb593px\u00bb custom_margin=\u00bb0px||\u00bb custom_padding=\u00bb21px|0px|6px|0px|false|false\u00bb global_colors_info=\u00bb{}\u00bb][et_pb_column type=\u00bb4_4&#8243; _builder_version=\u00bb3.25&#8243; custom_padding=\u00bb|||\u00bb global_colors_info=\u00bb{}\u00bb custom_padding__hover=\u00bb|||\u00bb][et_pb_text _builder_version=\u00bb4.4.8&#8243; text_font=\u00bbTimes New Roman|||on|||||\u00bb text_text_color=\u00bb#e02b20&#8243; text_font_size=\u00bb74px\u00bb text_letter_spacing=\u00bb10px\u00bb text_line_height=\u00bb1.6em\u00bb ul_font=\u00bb||||||||\u00bb header_font=\u00bbTimes New Roman|800|||||||\u00bb header_text_color=\u00bb#000000&#8243; header_font_size=\u00bb14px\u00bb header_2_font=\u00bb||||||||\u00bb header_2_text_color=\u00bb#000000&#8243; background_color=\u00bb#e0e0e0&#8243; text_orientation=\u00bbcenter\u00bb width=\u00bb93%\u00bb height=\u00bb211px\u00bb max_height=\u00bb120px\u00bb custom_margin=\u00bb-8px||\u00bb custom_padding=\u00bb35px||\u00bb box_shadow_style=\u00bbpreset5&#8243; box_shadow_color=\u00bb#8f8f8f\u00bb global_colors_info=\u00bb{}\u00bb]<\/p>\n<h2 style=\"text-align: center;\"><b>CUERPO DOCENTE<\/b><\/h2>\n<p>[\/et_pb_text][\/et_pb_column][\/et_pb_row][et_pb_row column_structure=\u00bb1_2,1_2&#8243; module_class=\u00bb et_pb_row_fullwidth\u00bb _builder_version=\u00bb4.4.8&#8243; background_color=\u00bb#b8c1c1&#8243; width=\u00bb89%\u00bb width_tablet=\u00bb80%\u00bb width_phone=\u00bb\u00bb width_last_edited=\u00bbon|desktop\u00bb max_width=\u00bb89%\u00bb max_width_tablet=\u00bb80%\u00bb max_width_phone=\u00bb\u00bb max_width_last_edited=\u00bbon|desktop\u00bb custom_margin=\u00bb|||16px|false|false\u00bb border_color_all=\u00bb#8300e9&#8243; make_fullwidth=\u00bbon\u00bb global_colors_info=\u00bb{}\u00bb][et_pb_column type=\u00bb1_2&#8243; _builder_version=\u00bb4.4.8&#8243; custom_padding=\u00bb|||14px|false|false\u00bb global_colors_info=\u00bb{}\u00bb custom_padding__hover=\u00bb|||\u00bb][et_pb_text _builder_version=\u00bb4.4.8&#8243; background_color=\u00bbrgba(0,0,0,0)\u00bb custom_margin=\u00bb|0px||46px|false|false\u00bb global_colors_info=\u00bb{}\u00bb]<\/p>\n<p style=\"text-align: center;\">\u00a0Dra. Alejandra LUBATTI<\/p>\n<p style=\"text-align: center;\">Farm. Daniela PALUMBO<\/p>\n<p style=\"text-align: center;\">Farm. Patricia MORELLI<\/p>\n<p style=\"text-align: center;\">Dra. Ver\u00f3nica CROSETTI<\/p>\n<p style=\"text-align: center;\">Dr. Humberto AVESANI<\/p>\n<p style=\"text-align: center;\">Farm. Ana BRANE<\/p>\n<p>[\/et_pb_text][\/et_pb_column][et_pb_column type=\u00bb1_2&#8243; _builder_version=\u00bb3.25&#8243; custom_padding=\u00bb|||\u00bb global_colors_info=\u00bb{}\u00bb custom_padding__hover=\u00bb|||\u00bb][et_pb_text _builder_version=\u00bb4.4.8&#8243; custom_padding=\u00bb|||19px\u00bb global_colors_info=\u00bb{}\u00bb]<\/p>\n<p style=\"text-align: center;\">Dr. Juan PELAEZ<\/p>\n<p style=\"text-align: center;\">Dr. Eduardo PEREZ PASINI<\/p>\n<p style=\"text-align: center;\">Dr. Omar SAUR<\/p>\n<p style=\"text-align: center;\">Farm. Silvia CARCUR<\/p>\n<p style=\"text-align: center;\">Dra. Paola KLOSTER<\/p>\n<p style=\"text-align: center;\">Dr. Enrique REND\u00d3N<\/p>\n<p style=\"text-align: center;\">Dra. Silvia POMA<\/p>\n<p>[\/et_pb_text][\/et_pb_column][\/et_pb_row][et_pb_row _builder_version=\u00bb3.25&#8243; custom_padding=\u00bb27px|0px|57px|0px|false|false\u00bb global_colors_info=\u00bb{}\u00bb][et_pb_column type=\u00bb4_4&#8243; _builder_version=\u00bb3.25&#8243; custom_padding=\u00bb|||\u00bb global_colors_info=\u00bb{}\u00bb custom_padding__hover=\u00bb|||\u00bb][et_pb_text _builder_version=\u00bb3.27.4&#8243; inline_fonts=\u00bbArial\u00bb global_colors_info=\u00bb{}\u00bb]<\/p>\n<h4 style=\"text-align: center;\"><span style=\"text-decoration: underline; font-size: medium;\"><span style=\"font-family: Arial; font-weight: normal;\"><strong>COMISI\u00d3N REVISORA DE CUENTAS<\/strong><\/span><\/span><\/h4>\n<p style=\"text-align: center;\"><span style=\"color: #000000;\"><strong>DRA CROSETTI, VER\u00d3NICA<span style=\"text-decoration: underline; font-size: medium;\"><span style=\"font-family: Arial;\"><\/span><\/span><\/strong><\/span><\/p>\n<p style=\"text-align: center;\"><span style=\"color: #000000;\"><strong>DR. REND\u00d3N, ENRIQUE<\/strong><\/span><\/p>\n<p style=\"text-align: center;\"><span style=\"color: #000000;\"><strong>DRA POMA,SILVIA<\/strong><\/span><\/p>\n<p style=\"text-align: center;\">\n<p style=\"text-align: center;\">\n<p>[\/et_pb_text][\/et_pb_column][\/et_pb_row][et_pb_row column_structure=\u00bb3_5,2_5&#8243; _builder_version=\u00bb3.25&#8243; _dynamic_attributes=\u00bblink_option_url\u00bb background_image=\u00bbhttps:\/\/sociedadhomeopatica.org\/wp-content\/uploads\/2018\/10\/paisaje.jpg\u00bb custom_padding=\u00bb108px|0px|0|0px|false|false\u00bb link_option_url=\u00bbhttps:\/\/sociedadhomeopatica.org\/wp-content\/uploads\/2018\/10\/TEXTO.pdf\u00bb link_option_url_new_window=\u00bbon\u00bb global_colors_info=\u00bb{}\u00bb][et_pb_column type=\u00bb3_5&#8243; _builder_version=\u00bb3.25&#8243; custom_padding=\u00bb||267px|\u00bb global_colors_info=\u00bb{}\u00bb custom_padding__hover=\u00bb|||\u00bb][et_pb_text _builder_version=\u00bb3.27.4&#8243; text_font=\u00bbTimes New Roman||||||||\u00bb text_text_color=\u00bb#000000&#8243; text_font_size=\u00bb21px\u00bb text_line_height=\u00bb1.3em\u00bb header_font=\u00bb||||||||\u00bb header_2_font=\u00bb||||||||\u00bb header_3_font=\u00bb||||||||\u00bb header_3_text_color=\u00bb#000000&#8243; header_4_font=\u00bb||||||||\u00bb header_4_text_color=\u00bb#000000&#8243; background_color=\u00bbrgba(0,0,0,0.27)\u00bb max_width=\u00bb90%\u00bb custom_margin=\u00bb11px|||53px\u00bb custom_padding=\u00bb12px||12px\u00bb link_option_url=\u00bbhttps:\/\/sociedadhomeopatica.org\/wp-content\/uploads\/2018\/10\/TEXTO.pdf\u00bb text_font_size_tablet=\u00bb\u00bb text_font_size_phone=\u00bb\u00bb text_font_size_last_edited=\u00bbon|desktop\u00bb global_colors_info=\u00bb{}\u00bb]<\/p>\n<h2 style=\"text-align: center;\"><strong>DELEGACI\u00d3N JUJUY <\/strong><\/h2>\n<h2 style=\"text-align: center;\"><a href=\"https:\/\/sociedadhomeopatica.org\/wp-content\/uploads\/2018\/10\/TEXTO.pdf\" target=\"_blank\" rel=\"noopener noreferrer\"><strong>\u00abDr. Alberto Angel Pichetti\u00bb<\/strong><\/a><\/h2>\n<h3 style=\"text-align: center;\">DOCENTES<\/h3>\n<p style=\"text-align: center;\">DRA. SILVIA POMA<\/p>\n<p style=\"text-align: center;\">FARM. FABIANA TIC\u00d3<\/p>\n<p>[\/et_pb_text][\/et_pb_column][et_pb_column type=\u00bb2_5&#8243; _builder_version=\u00bb3.25&#8243; custom_padding=\u00bb|||\u00bb global_colors_info=\u00bb{}\u00bb custom_padding__hover=\u00bb|||\u00bb][et_pb_image src=\u00bbhttps:\/\/sociedadhomeopatica.org\/wp-content\/uploads\/2018\/10\/20160209171436.jpg\u00bb align_tablet=\u00bbcenter\u00bb align_phone=\u00bb\u00bb align_last_edited=\u00bbon|desktop\u00bb _builder_version=\u00bb3.23&#8243; custom_margin=\u00bb|44px||\u00bb global_colors_info=\u00bb{}\u00bb][\/et_pb_image][\/et_pb_column][\/et_pb_row][et_pb_row _builder_version=\u00bb3.25&#8243; custom_margin_tablet=\u00bb\u00bb custom_margin_phone=\u00bb\u00bb custom_margin_last_edited=\u00bbon|phone\u00bb global_colors_info=\u00bb{}\u00bb][et_pb_column type=\u00bb4_4&#8243; _builder_version=\u00bb3.25&#8243; custom_padding=\u00bb|||\u00bb custom_padding_last_edited=\u00bboff|desktop\u00bb global_colors_info=\u00bb{}\u00bb custom_padding__hover=\u00bb|||\u00bb][et_pb_text _builder_version=\u00bb3.27.4&#8243; text_font=\u00bb||||||||\u00bb text_text_color=\u00bb#000000&#8243; text_font_size=\u00bb31px\u00bb text_line_height=\u00bb2em\u00bb ul_font=\u00bb||||||||\u00bb background_color=\u00bbrgba(12,113,195,0.29)\u00bb use_background_color_gradient=\u00bbon\u00bb background_color_gradient_end=\u00bb#7cda24&#8243; background_color_gradient_direction=\u00bb185deg\u00bb background_color_gradient_start_position=\u00bb61%\u00bb text_orientation=\u00bbcenter\u00bb global_colors_info=\u00bb{}\u00bb]<\/p>\n<p>NUESTROS RECUERDOS<\/p>\n<p>[\/et_pb_text][\/et_pb_column][\/et_pb_row][\/et_pb_section][et_pb_section fb_built=\u00bb1&#8243; _builder_version=\u00bb3.22.3&#8243; min_height=\u00bb2948px\u00bb global_colors_info=\u00bb{}\u00bb][et_pb_row _builder_version=\u00bb3.25&#8243; custom_padding=\u00bb||0px|||\u00bb global_colors_info=\u00bb{}\u00bb][et_pb_column type=\u00bb4_4&#8243; _builder_version=\u00bb3.25&#8243; custom_padding=\u00bb|||\u00bb global_colors_info=\u00bb{}\u00bb custom_padding__hover=\u00bb|||\u00bb][et_pb_gallery gallery_ids=\u00bb398,395,403&#8243; posts_number=\u00bb3&#8243; _builder_version=\u00bb3.17.2&#8243; global_colors_info=\u00bb{}\u00bb][\/et_pb_gallery][et_pb_gallery gallery_ids=\u00bb411,172,416&#8243; posts_number=\u00bb3&#8243; _builder_version=\u00bb3.17.2&#8243; global_colors_info=\u00bb{}\u00bb][\/et_pb_gallery][\/et_pb_column][\/et_pb_row][et_pb_row _builder_version=\u00bb4.4.8&#8243; global_colors_info=\u00bb{}\u00bb][et_pb_column type=\u00bb4_4&#8243; _builder_version=\u00bb4.4.8&#8243; global_colors_info=\u00bb{}\u00bb][et_pb_text _builder_version=\u00bb4.4.8&#8243; background_color=\u00bb#b3b3b3&#8243; global_colors_info=\u00bb{}\u00bb]<\/p>\n<h1 style=\"text-align: center;\"><span style=\"color: #000000;\">OBITUARIO<\/span><\/h1>\n<h2 style=\"text-align: center;\"><span style=\"color: #000000;\">Dr. Peter Fisher<\/span><\/h2>\n<p>[\/et_pb_text][\/et_pb_column][\/et_pb_row][et_pb_row column_structure=\u00bb1_2,1_2&#8243; _builder_version=\u00bb4.4.8&#8243; custom_margin=\u00bb||-12px||false|false\u00bb global_colors_info=\u00bb{}\u00bb][et_pb_column type=\u00bb1_2&#8243; _builder_version=\u00bb4.4.8&#8243; global_colors_info=\u00bb{}\u00bb][et_pb_image src=\u00bbhttps:\/\/sociedadhomeopatica.org\/wp-content\/uploads\/2020\/06\/Dr_Fisher_3.jpg\u00bb alt=\u00bbDr. Fisher con el Principe Carlos\u00bb title_text=\u00bbDr_Fisher_3&#8243; _builder_version=\u00bb4.4.8&#8243; custom_margin=\u00bb100px||||false|false\u00bb global_colors_info=\u00bb{}\u00bb][\/et_pb_image][\/et_pb_column][et_pb_column type=\u00bb1_2&#8243; _builder_version=\u00bb4.4.8&#8243; global_colors_info=\u00bb{}\u00bb][et_pb_text _builder_version=\u00bb4.4.8&#8243; link_font=\u00bb||on||||||\u00bb link_font_size=\u00bb15px\u00bb link_option_url_new_window=\u00bbon\u00bb global_colors_info=\u00bb{}\u00bb]<\/p>\n<p>El 15 de agosto de 2018, falleci\u00f3 en Londres Peter Fisher, m\u00e9dico home\u00f3pata ingl\u00e9s, especialista en enfermedades reum\u00e1ticas, ex Director de Investigaci\u00f3n del Royal London Hospital for Integrated Medicine \u00a0(previamente Royal London Homoeopathic Hospital), consultor honorario en reumatolog\u00eda del King\u2019s College Hospital, presidente de <a href=\"https:\/\/facultyofhomeopathy.org\/\"><strong>The Faculty of Homeopathy<\/strong><\/a>, editor de la revista cient\u00edfica\u00a0<em>Homeopathy<\/em>, m\u00e9dico de la reina de Inglaterra y de otros miembros de la familia real, y titular del grupo de trabajo sobre homeopat\u00eda y miembro del panel de expertos en medicina tradicional y complementaria de la OMS. Hab\u00eda sido galardonado con el Medalla de Oro Albert Schweitzer de la Academia de Medicina de Polonia en 2007. Fue autor de numeros\u00edsimas publicaciones cient\u00edficas.<\/p>\n<p>Estudi\u00f3 medicina en la Universidad Cambridge. Muy joven, se enfrent\u00f3 a una enfermedad rara, grave y de mal pron\u00f3stico. La falta de respuesta a los tratamientos convencionales con probable desenlace fatal lo llev\u00f3 a recurrir a la homeopat\u00eda, con la que cur\u00f3 r\u00e1pida y definitivamente. A ra\u00edz de esta impactante historia personal decidi\u00f3 especializarse y dedicarse a ella con toda su energ\u00eda. Muy pronto comprendi\u00f3 en toda su magnitud la importancia que ten\u00eda que la homeopat\u00eda retomara la senda de la investigaci\u00f3n cient\u00edfica, terreno en el que en alg\u00fan momento del siglo XX hab\u00eda quedado rezagada. Se convirti\u00f3 muy r\u00e1pidamente en un referente mundial en la materia. Desde su lugar de trabajo dedic\u00f3 enormes esfuerzos para llevar adelante investigaciones cient\u00edficas, sin dejar nunca de lado la atenci\u00f3n de sus pacientes en el hospital.<\/p>\n<p>Extremadamente medido y preciso con las palabras, exig\u00eda de s\u00ed mismo y de sus interlocutores una adecuada fundamentaci\u00f3n de todo lo que se dec\u00eda y hac\u00eda, aunque sin abandonar jam\u00e1s la cortes\u00eda y el buen humor.<\/p>\n<p>&nbsp;<\/p>\n<p>[\/et_pb_text][\/et_pb_column][\/et_pb_row][et_pb_row _builder_version=\u00bb4.4.8&#8243; min_height=\u00bb78px\u00bb custom_margin=\u00bb-200px|auto||auto|false|false\u00bb global_colors_info=\u00bb{}\u00bb][et_pb_column type=\u00bb4_4&#8243; _builder_version=\u00bb4.4.8&#8243; global_colors_info=\u00bb{}\u00bb][et_pb_text _builder_version=\u00bb4.4.8&#8243; custom_margin=\u00bb-70px||||false|false\u00bb global_colors_info=\u00bb{}\u00bb]<\/p>\n<p>&nbsp;<\/p>\n<div class=\"et_pb_column ui-sortable et-animated--vb et_pb_column_1_2 et_pb_column_17 et-last-child et_pb_with_border\" data-address=\"1.2.1\">\n<div class=\"et_fb_editing_enabled et_pb_text et_pb_module ui-sortable et_pb_text_7 et-animated--vb et_pb_text_align_left et_pb_bg_layout_light et-first-child et-last-child\" data-address=\"1.2.1.0\" dynamic=\"[object Object]\" matching=\"[object Object]\" _key=\"f3152670-aaba-11ea-9bb5-538912a6746d\" parent_slug=\"et_pb_column\">\n<div class=\"et_pb_text_inner\">\n<div data-shortcode-id=\"1.2.1.0-1591753840281\" data-quickaccess-editable=\"yes\" class=\"et-fb-popover-tinymce\"><\/div>\n<\/div>\n<\/div>\n<\/div>\n<p>Peter era un hombre de una vasta sabidur\u00eda. Cultivaba las artes, las letras, la historia, la m\u00fasica y la filosof\u00eda. Sus conocimientos m\u00e9dicos eran enormes, dominaba la epidemiolog\u00eda y el arte de la investigaci\u00f3n. Viajero incansable, admiraba lo que de valioso hay en todas las culturas y de todas algo sab\u00eda. Pod\u00eda sorprender explicando las caracter\u00edsticas y origen del culto a Jemanj\u00e1 en Brasil o recitar de memoria a Julio C\u00e9sar en lat\u00edn. Aunque de nada de todo esto se vanagloriaba. Es probable que este mismo universalismo lo haya llevado a cambiar el nombre de la revista\u00a0<em>The British Homeopathic Journal<\/em>por simplemente\u00a0<em>Homeopathy.<\/em><\/p>\n<p>Para todos quienes lo conocimos fue una fuente inagotable de inspiraci\u00f3n. Nos ense\u00f1\u00f3 a pensar con rigor, a no conformarnos con explicaciones f\u00e1ciles y a no claudicar en la b\u00fasqueda de la verdad por intereses mezquinos. Con paciencia, colabor\u00f3 generosamente en todo lo que pudo y daba consejo a quien se lo pidiera. En todos lados se lo admiraba y reverenciaba, pero era inmune a los halagos y trataba a todos con cordialidad y sencillez. Cultiv\u00f3 lazos de amistad con personas del mundo entero.<\/p>\n<p>En el mes de noviembre del a\u00f1o 2017 con ocasi\u00f3n de una jornada de la <strong>Red para la Integraci\u00f3n Iberoamericana de la Investigaci\u00f3n M\u00e9dica en H<\/strong><span style=\"font-size: 14px;\"><strong>omeopat\u00eda (REDIMEH)\u00a0<\/strong> que se llev\u00f3 a cabo en la ciudad de C\u00f3rdoba, visit\u00f3 nuestro pa\u00eds. Como siempre, deslumbr\u00f3 con sus conferencias. Aprovech\u00f3 para conocer las provincias de Salta y Jujuy, de las que volvi\u00f3 encantado.<\/span><\/p>\n<p>En los \u00faltimos a\u00f1os, a causa de fuertes ataques medi\u00e1ticos a la homeopat\u00eda en Gran Breta\u00f1a, hab\u00eda quedado en el ojo de la tormenta. No le tembl\u00f3 el pulso para participar de los m\u00e1s duros debates p\u00fablicos, hasta en el mismo Parlamento Brit\u00e1nico, y defender siempre con serenidad, altura, claridad, precisi\u00f3n y amplia fundamentaci\u00f3n todo lo que consideraba cierto.\u00a0<\/p>\n<p>Muri\u00f3 en un inesperado accidente de bicicleta, medio de transporte que usaba para ir al hospital a\u00fan en invierno y con lluvia. Ten\u00eda 67 a\u00f1os.<\/p>\n<p>\u00a1C\u00f3mo lo vamos a extra\u00f1ar!<\/p>\n<p>&nbsp;<\/p>\n<p>[\/et_pb_text][\/et_pb_column][\/et_pb_row][\/et_pb_section]<\/p>\n","protected":false},"excerpt":{"rendered":"<p>M\u00e9dico Cirujano. Diplomado en Salud P\u00fablica. Miembro de la Facultad de Homeopat\u00eda de Inglaterra (MFHom.Examination). Master en Psicolog\u00eda Cl\u00ednicaM\u00e9dico Cirujano. Especialista en Oftalmolog\u00edaM\u00e9dico Generalista Especialista en Psiquiatr\u00eda Especialista en Medicina Laboral Psicoterapeuta Guest\u00e1ltico &nbsp;M\u00e9dico Anestesi\u00f3logo Medicina GeneralM\u00e9dica Cirujano Medicina GeneralistaM\u00e9dica Especialista en Psiquiatr\u00edaMiembro Fundador de la \u00abSociedad Argentina de Medicina Homeop\u00e1tica\u00bb Farmac\u00e9utica Actividad PrivadaCUERPO DOCENTE\u00a0Dra. [&hellip;]<\/p>\n","protected":false},"author":1,"featured_media":0,"parent":0,"menu_order":0,"comment_status":"closed","ping_status":"closed","template":"","meta":{"_et_pb_use_builder":"on","_et_pb_old_content":"","_et_gb_content_width":"","footnotes":""},"_links":{"self":[{"href":"https:\/\/sociedadhomeopatica.org\/index.php\/wp-json\/wp\/v2\/pages\/45"}],"collection":[{"href":"https:\/\/sociedadhomeopatica.org\/index.php\/wp-json\/wp\/v2\/pages"}],"about":[{"href":"https:\/\/sociedadhomeopatica.org\/index.php\/wp-json\/wp\/v2\/types\/page"}],"author":[{"embeddable":true,"href":"https:\/\/sociedadhomeopatica.org\/index.php\/wp-json\/wp\/v2\/users\/1"}],"replies":[{"embeddable":true,"href":"https:\/\/sociedadhomeopatica.org\/index.php\/wp-json\/wp\/v2\/comments?post=45"}],"version-history":[{"count":65,"href":"https:\/\/sociedadhomeopatica.org\/index.php\/wp-json\/wp\/v2\/pages\/45\/revisions"}],"predecessor-version":[{"id":776,"href":"https:\/\/sociedadhomeopatica.org\/index.php\/wp-json\/wp\/v2\/pages\/45\/revisions\/776"}],"wp:attachment":[{"href":"https:\/\/sociedadhomeopatica.org\/index.php\/wp-json\/wp\/v2\/media?parent=45"}],"curies":[{"name":"wp","href":"https:\/\/api.w.org\/{rel}","templated":true}]}}